{"id":43,"date":"2014-06-03T16:27:42","date_gmt":"2014-06-03T14:27:42","guid":{"rendered":"http:\/\/jamaica.evolutiontravel.it\/infovacanze\/?page_id=43"},"modified":"2018-05-09T12:17:36","modified_gmt":"2018-05-09T10:17:36","slug":"informazioni-turistiche","status":"publish","type":"page","link":"https:\/\/jamaica.evolutiontravel.it\/infovacanze\/informazioni\/informazioni-turistiche\/","title":{"rendered":"Fuso orario e altre info sulla Giamaica"},"content":{"rendered":"<p>Eccoci qui con alcune <strong>informazioni utili sulla Giamaica<\/strong> come <strong>fuso orario<\/strong>, <strong>lingua<\/strong>, <strong>trasporti<\/strong> e altro ancora.<\/p>\n<p><strong>7 ore in meno rispetto all&#8217;Italia<\/strong>: quindi buone notizie per noi per quanto riguarda il c.d. &#8220;<em>mal da fuso orario<\/em>&#8221; o <span class=\"Y0NH2b CLPzrc\"><em>Jet lag<\/em>,\u00a0<\/span> perch\u00e8 se paragoniamo la differenza di ore tra la Giamaica e il nostro paese, rispetto ad altre esotiche localit\u00e0 di mare, possiamo dire che \u00e8 decisamente accettabile.<\/p>\n<p>Per fare <strong>un esempio pratico<\/strong>, se da noi sono le ore 14:00 sull&#8217;isola dei Caraibi saranno le 7 di mattina: diciamo che il fuso orario \u00e8 da tenere presente sopratutto se durante la vacanza <strong>vogliamo chiamare amici e parenti,<\/strong> ecco, in questo caso, sar\u00e0 bene regolare le lancette dell&#8217;orologio!<\/p>\n<p>E poi ecco qualche altre info utile per organizzare la meglio il viaggio:<\/p>\n<ul>\n<li><strong>Temperature<\/strong>: non scendono <strong>mai sotto i 23 gradi<\/strong>, questo rende il clima accogliente tutto l\u2019anno.<\/li>\n<li><strong>Lingua ufficiale e moneta<\/strong>: la lingua ufficiale \u00e8 l\u2019<strong>inglese<\/strong> e la moneta il <strong>dollaro giamaicano<\/strong>.<\/li>\n<li><strong>Trasporti<\/strong>: \u00e8 consigliato utilizzare mezzi di trasporto riconosciuti dalle compagnie dell\u2019isola come i taxi o i pullman.<\/li>\n<li><strong>Documenti<\/strong>: per viaggiare in Jamaica \u00e8 necessario avere un <strong>passaporto con sei mesi di validit\u00e0<\/strong> in corso dalla data di rientro. Il visto non \u00e8 necessario se si rimane per un tempo inferiore ai 90 giorni.<\/li>\n<li><strong>Vaccini<\/strong>: non sono richiesti vaccini particolari ma \u00e8 bene tenere presente che le zanzare malariche sono molto diffuse.<\/li>\n<li><strong>Territorio, non solo mare<\/strong>: l&#8217;isola \u00e8 ricca di vegetazione<strong>,<\/strong> con un unico rilievo montuoso all\u2019interno ed \u00e8 inoltre circondata da una spettacolare barriera corallina.<\/li>\n<\/ul>\n<p>E infine: <strong>come si dice, Giamaica o Jamaica?<\/strong> Il primo \u00e8 la <strong>forma italianizzata del nome Jamaica<\/strong> e possono essere utilizzati entrambi.<\/p>\n<p>Per <strong>approfondire<\/strong> gli argomenti clicca su quelli di seguito di tuo interesse.<\/p>\n<ul>\n<li><u><\/u><a href=\"https:\/\/jamaica.evolutiontravel.it\/infovacanze\/informazioni\/giamaica-aeroporti\/\"><u>Aeroporti in Giamaica<\/u><\/a><\/li>\n<li><a href=\"https:\/\/jamaica.evolutiontravel.it\/infovacanze\/vacanze\/vacanze-consigli\/\"><u>Consigli per le vacanze in Giamaica<\/u><\/a><\/li>\n<\/ul>\n<h3 style=\"text-align: center\"><strong><span style=\"color: #008000\">LE MIGLIORI OFFERTE PER LA GIAMAICA<\/span><\/strong><\/h3>\n<p style=\"text-align: center\">Vuoi <strong>scoprire subito tutti i dettagli<\/strong> dei viaggi per questa isola?<\/p>\n<p style=\"text-align: center\"><strong><span style=\"color: #008000\">CLICCA E SCOPRI<\/span><\/strong> <strong>programma<\/strong>, <strong>foto<\/strong>, <strong>commenti<\/strong> delle <strong>OFFERTE DELLA SETTIMANA!<\/strong><\/p>\n<div class=\"feedzy-ee456cb900c9a81df438ff0fdd87ecae feedzy-rss\">\n\t\t<ul class=\"feedzy-style2\">\n\t\t\t\t\t<li  style=\"padding: 23px 0 38px\" class=\"rss_item feedzy-rss-col-3\" >\n\t\t\t\t\t\t\t\t\t<div class=\"rss_image\" style=\"width:225px; height:225px;\">\n\t\t\t\t\t\t<a href=\"https:\/\/jamaica.evolutiontravel.it\/it_IT\/909\/tab\/1661_hotel-hedonism-ii-4-stelle.html\" target=\"_blank\" \n\t\t\t\t\t\t\trel=\"noopener \"\n\t\t\t\t\t\t\ttitle=\"Hotel Hedonism II 4 stelle\"\n\t\t\t\t\t\t\tstyle=\"width:225px; height:225px;\">\n\t\t\t\t\t\t\t<span class=\"fetched\" style=\"background-image:  url('http:\/\/etcdn.net\/thumbnails\/1661\/it-negril-hotel-hedonism-ii-4-stelle-5cf01.jpg');\" title=\"Hotel Hedonism II 4 stelle\"><\/span><amp-img width=\"225\" height=\"225\" src=\"http:\/\/etcdn.net\/thumbnails\/1661\/it-negril-hotel-hedonism-ii-4-stelle-5cf01.jpg\">\t\t\t\t\t\t<\/a>\n\t\t\t\t\t<\/div>\n\t\t\t\t\t\t\t\t<div class=\"rss_content_wrap\">\n\t\t\t\t\t<span class=\"title\">\n\t\t\t\t\t\t<a href=\"https:\/\/jamaica.evolutiontravel.it\/it_IT\/909\/tab\/1661_hotel-hedonism-ii-4-stelle.html\" target=\"_blank\"  rel=\"noopener \">\n\t\t\t\t\t\t\tHotel Hedonism II 4 stelle\t\t\t\t\t\t<\/a>\n\t\t\t\t\t<\/span>\n\t\t\t\t\t<div class=\"rss_content\"\n\t\t\t\t\t\t\tstyle=\"\">\n\t\t\t\t\t\t\n\t\t\t\t\t\t\t\t\t\t\t\t<p class=\"description\">All'Hedonism II le possibilit\u00e0 sono limitate solo dalla tua immaginazione. E' un luogo dove potai sentirti libero, seguendo il [&hellip;]<\/p>\n\t\t\t\t\t\t\n\t\t\t\t\t\t\t\t\t\t\t\t\t\t\t\t\t\t\t<div class=\"price-wrap\">\n\t\t\t\t\t\t\t\t<a href=\"https:\/\/jamaica.evolutiontravel.it\/it_IT\/909\/tab\/1661_hotel-hedonism-ii-4-stelle.html\" target=\"_blank\" rel=\"noopener\"><button class=\"price\"> 1930<\/button><\/a>\n\t\t\t\t\t\t\t<\/div>\n\t\t\t\t\t\t\t\t\t\t\t<\/div>\n\t\t\t\t<\/div>\n\t\t\t<\/li>\n\t\t\t\t\t\t<li  style=\"padding: 23px 0 38px\" class=\"rss_item feedzy-rss-col-3\" >\n\t\t\t\t\t\t\t\t\t<div class=\"rss_image\" style=\"width:225px; height:225px;\">\n\t\t\t\t\t\t<a href=\"https:\/\/jamaica.evolutiontravel.it\/it_IT\/909\/tab\/6098_combinato-miami-e-lisola-di-bob-marley.html\" target=\"_blank\" \n\t\t\t\t\t\t\trel=\"noopener \"\n\t\t\t\t\t\t\ttitle=\"Combinato Miami e l&#039;isola di Bob Marley\"\n\t\t\t\t\t\t\tstyle=\"width:225px; height:225px;\">\n\t\t\t\t\t\t\t<span class=\"fetched\" style=\"background-image:  url('http:\/\/etcdn.net\/thumbnails\/6098\/it-negril-combinato-miami-e-lisola-di-bob-marley-7b927.jpg');\" title=\"Combinato Miami e l&#039;isola di Bob Marley\"><\/span><amp-img width=\"225\" height=\"225\" src=\"http:\/\/etcdn.net\/thumbnails\/6098\/it-negril-combinato-miami-e-lisola-di-bob-marley-7b927.jpg\">\t\t\t\t\t\t<\/a>\n\t\t\t\t\t<\/div>\n\t\t\t\t\t\t\t\t<div class=\"rss_content_wrap\">\n\t\t\t\t\t<span class=\"title\">\n\t\t\t\t\t\t<a href=\"https:\/\/jamaica.evolutiontravel.it\/it_IT\/909\/tab\/6098_combinato-miami-e-lisola-di-bob-marley.html\" target=\"_blank\"  rel=\"noopener \">\n\t\t\t\t\t\t\tCombinato Miami e l'isola di Bob Marley\t\t\t\t\t\t<\/a>\n\t\t\t\t\t<\/span>\n\t\t\t\t\t<div class=\"rss_content\"\n\t\t\t\t\t\t\tstyle=\"\">\n\t\t\t\t\t\t\n\t\t\t\t\t\t\t\t\t\t\t\t<p class=\"description\">Scegliete un soggiorno a Miami unito ad una settimana nell\u2019isola pi\u00f9 affascinante dei Carabi ed avrete una vacanza [&hellip;]<\/p>\n\t\t\t\t\t\t\n\t\t\t\t\t\t\t\t\t\t\t\t\t\t\t\t\t\t\t<div class=\"price-wrap\">\n\t\t\t\t\t\t\t\t<a href=\"https:\/\/jamaica.evolutiontravel.it\/it_IT\/909\/tab\/6098_combinato-miami-e-lisola-di-bob-marley.html\" target=\"_blank\" rel=\"noopener\"><button class=\"price\"> 2460<\/button><\/a>\n\t\t\t\t\t\t\t<\/div>\n\t\t\t\t\t\t\t\t\t\t\t<\/div>\n\t\t\t\t<\/div>\n\t\t\t<\/li>\n\t\t\t\t\t\t<li  style=\"padding: 23px 0 38px\" class=\"rss_item feedzy-rss-col-3\" >\n\t\t\t\t\t\t\t\t\t<div class=\"rss_image\" style=\"width:225px; height:225px;\">\n\t\t\t\t\t\t<a href=\"https:\/\/jamaica.evolutiontravel.it\/it_IT\/909\/tab\/36835_veraclub-negril.html\" target=\"_blank\" \n\t\t\t\t\t\t\trel=\"noopener \"\n\t\t\t\t\t\t\ttitle=\"Veraclub Negril\"\n\t\t\t\t\t\t\tstyle=\"width:225px; height:225px;\">\n\t\t\t\t\t\t\t<span class=\"fetched\" style=\"background-image:  url('http:\/\/etcdn.net\/thumbnails\/36835\/it-negril-veraclub-negril-77c67.jpg');\" title=\"Veraclub Negril\"><\/span><amp-img width=\"225\" height=\"225\" src=\"http:\/\/etcdn.net\/thumbnails\/36835\/it-negril-veraclub-negril-77c67.jpg\">\t\t\t\t\t\t<\/a>\n\t\t\t\t\t<\/div>\n\t\t\t\t\t\t\t\t<div class=\"rss_content_wrap\">\n\t\t\t\t\t<span class=\"title\">\n\t\t\t\t\t\t<a href=\"https:\/\/jamaica.evolutiontravel.it\/it_IT\/909\/tab\/36835_veraclub-negril.html\" target=\"_blank\"  rel=\"noopener \">\n\t\t\t\t\t\t\tVeraclub Negril\t\t\t\t\t\t<\/a>\n\t\t\t\t\t<\/span>\n\t\t\t\t\t<div class=\"rss_content\"\n\t\t\t\t\t\t\tstyle=\"\">\n\t\t\t\t\t\t\n\t\t\t\t\t\t\t\t\t\t\t\t<p class=\"description\">Uno dei best seller sulla spiaggia di Negril... hotel esclusivo di Veratour, direttamente sulla 7mile beach, una delle 10 spiagge [&hellip;]<\/p>\n\t\t\t\t\t\t\n\t\t\t\t\t\t\t\t\t\t\t\t\t\t\t\t\t\t\t<div class=\"price-wrap\">\n\t\t\t\t\t\t\t\t<a href=\"https:\/\/jamaica.evolutiontravel.it\/it_IT\/909\/tab\/36835_veraclub-negril.html\" target=\"_blank\" rel=\"noopener\"><button class=\"price\"> 1310<\/button><\/a>\n\t\t\t\t\t\t\t<\/div>\n\t\t\t\t\t\t\t\t\t\t\t<\/div>\n\t\t\t\t<\/div>\n\t\t\t<\/li>\n\t\t\t\t\t\t<li  style=\"padding: 23px 0 38px\" class=\"rss_item feedzy-rss-col-3\" >\n\t\t\t\t\t\t\t\t\t<div class=\"rss_image\" style=\"width:225px; height:225px;\">\n\t\t\t\t\t\t<a href=\"https:\/\/jamaica.evolutiontravel.it\/it_IT\/909\/tab\/1933_combinato-new-york-e-lisola-del-reggae.html\" target=\"_blank\" \n\t\t\t\t\t\t\trel=\"noopener \"\n\t\t\t\t\t\t\ttitle=\"Combinato New York e l&#039;isola del Reggae\"\n\t\t\t\t\t\t\tstyle=\"width:225px; height:225px;\">\n\t\t\t\t\t\t\t<span class=\"fetched\" style=\"background-image:  url('http:\/\/etcdn.net\/thumbnails\/1933\/it-negril-combinato-new-york-e-lisola-del-reggae-5a312.jpg');\" title=\"Combinato New York e l&#039;isola del Reggae\"><\/span><amp-img width=\"225\" height=\"225\" src=\"http:\/\/etcdn.net\/thumbnails\/1933\/it-negril-combinato-new-york-e-lisola-del-reggae-5a312.jpg\">\t\t\t\t\t\t<\/a>\n\t\t\t\t\t<\/div>\n\t\t\t\t\t\t\t\t<div class=\"rss_content_wrap\">\n\t\t\t\t\t<span class=\"title\">\n\t\t\t\t\t\t<a href=\"https:\/\/jamaica.evolutiontravel.it\/it_IT\/909\/tab\/1933_combinato-new-york-e-lisola-del-reggae.html\" target=\"_blank\"  rel=\"noopener \">\n\t\t\t\t\t\t\tCombinato New York e l'isola del Reggae\t\t\t\t\t\t<\/a>\n\t\t\t\t\t<\/span>\n\t\t\t\t\t<div class=\"rss_content\"\n\t\t\t\t\t\t\tstyle=\"\">\n\t\t\t\t\t\t\n\t\t\t\t\t\t\t\t\t\t\t\t<p class=\"description\">Tre giorni nella \u201cGrande Mela\u201d\u2026.poi la Jamaica, trasgressiva, affascinante e sempre imprevedibile!<\/p>\n\t\t\t\t\t\t\n\t\t\t\t\t\t\t\t\t\t\t\t\t\t\t\t\t\t\t<div class=\"price-wrap\">\n\t\t\t\t\t\t\t\t<a href=\"https:\/\/jamaica.evolutiontravel.it\/it_IT\/909\/tab\/1933_combinato-new-york-e-lisola-del-reggae.html\" target=\"_blank\" rel=\"noopener\"><button class=\"price\"> 2180<\/button><\/a>\n\t\t\t\t\t\t\t<\/div>\n\t\t\t\t\t\t\t\t\t\t\t<\/div>\n\t\t\t\t<\/div>\n\t\t\t<\/li>\n\t\t\t\t\t\t<li  style=\"padding: 23px 0 38px\" class=\"rss_item feedzy-rss-col-3\" >\n\t\t\t\t\t\t\t\t\t<div class=\"rss_image\" style=\"width:225px; height:225px;\">\n\t\t\t\t\t\t<a href=\"https:\/\/jamaica.evolutiontravel.it\/it_IT\/909\/tab\/1665_hotel-merrils-beach-3-stelle-in-all-inclusive.html\" target=\"_blank\" \n\t\t\t\t\t\t\trel=\"noopener \"\n\t\t\t\t\t\t\ttitle=\"Hotel Merril\u00b4s Beach 3 Stelle in All Inclusive\"\n\t\t\t\t\t\t\tstyle=\"width:225px; height:225px;\">\n\t\t\t\t\t\t\t<span class=\"fetched\" style=\"background-image:  url('http:\/\/etcdn.net\/thumbnails\/1665\/it-negril-hotel-exploracafe-merrils-beach-3-stelle-in-all-inclusive-56962.jpg');\" title=\"Hotel Merril\u00b4s Beach 3 Stelle in All Inclusive\"><\/span><amp-img width=\"225\" height=\"225\" src=\"http:\/\/etcdn.net\/thumbnails\/1665\/it-negril-hotel-exploracafe-merrils-beach-3-stelle-in-all-inclusive-56962.jpg\">\t\t\t\t\t\t<\/a>\n\t\t\t\t\t<\/div>\n\t\t\t\t\t\t\t\t<div class=\"rss_content_wrap\">\n\t\t\t\t\t<span class=\"title\">\n\t\t\t\t\t\t<a href=\"https:\/\/jamaica.evolutiontravel.it\/it_IT\/909\/tab\/1665_hotel-merrils-beach-3-stelle-in-all-inclusive.html\" target=\"_blank\"  rel=\"noopener \">\n\t\t\t\t\t\t\tHotel Merril\u00b4s Beach 3 Stelle in All Inclusive\t\t\t\t\t\t<\/a>\n\t\t\t\t\t<\/span>\n\t\t\t\t\t<div class=\"rss_content\"\n\t\t\t\t\t\t\tstyle=\"\">\n\t\t\t\t\t\t\n\t\t\t\t\t\t\t\t\t\t\t\t<p class=\"description\">Il best seller a Negril.... si una delle spiagge pi\u00f9 belle del mondo, la 7mile beach, l'hotel si divide in 2 parti, la parte II [&hellip;]<\/p>\n\t\t\t\t\t\t\n\t\t\t\t\t\t\t\t\t\t\t\t\t\t\t\t\t\t\t<div class=\"price-wrap\">\n\t\t\t\t\t\t\t\t<a href=\"https:\/\/jamaica.evolutiontravel.it\/it_IT\/909\/tab\/1665_hotel-merrils-beach-3-stelle-in-all-inclusive.html\" target=\"_blank\" rel=\"noopener\"><button class=\"price\"> 1335<\/button><\/a>\n\t\t\t\t\t\t\t<\/div>\n\t\t\t\t\t\t\t\t\t\t\t<\/div>\n\t\t\t\t<\/div>\n\t\t\t<\/li>\n\t\t\t\t\t\t<li  style=\"padding: 23px 0 38px\" class=\"rss_item feedzy-rss-col-3\" >\n\t\t\t\t\t\t\t\t\t<div class=\"rss_image\" style=\"width:225px; height:225px;\">\n\t\t\t\t\t\t<a href=\"https:\/\/jamaica.evolutiontravel.it\/it_IT\/909\/tab\/35023_samsara-cliff-resort-4-stelle.html\" target=\"_blank\" \n\t\t\t\t\t\t\trel=\"noopener \"\n\t\t\t\t\t\t\ttitle=\"Samsara Cliff Resort 4 stelle\"\n\t\t\t\t\t\t\tstyle=\"width:225px; height:225px;\">\n\t\t\t\t\t\t\t<span class=\"fetched\" style=\"background-image:  url('http:\/\/etcdn.net\/thumbnails\/35023\/it-negril-samsara-cliff-resort-4-stelle-59bcd.jpg');\" title=\"Samsara Cliff Resort 4 stelle\"><\/span><amp-img width=\"225\" height=\"225\" src=\"http:\/\/etcdn.net\/thumbnails\/35023\/it-negril-samsara-cliff-resort-4-stelle-59bcd.jpg\">\t\t\t\t\t\t<\/a>\n\t\t\t\t\t<\/div>\n\t\t\t\t\t\t\t\t<div class=\"rss_content_wrap\">\n\t\t\t\t\t<span class=\"title\">\n\t\t\t\t\t\t<a href=\"https:\/\/jamaica.evolutiontravel.it\/it_IT\/909\/tab\/35023_samsara-cliff-resort-4-stelle.html\" target=\"_blank\"  rel=\"noopener \">\n\t\t\t\t\t\t\tSamsara Cliff Resort 4 stelle\t\t\t\t\t\t<\/a>\n\t\t\t\t\t<\/span>\n\t\t\t\t\t<div class=\"rss_content\"\n\t\t\t\t\t\t\tstyle=\"\">\n\t\t\t\t\t\t\n\t\t\t\t\t\t\t\t\t\t\t\t<p class=\"description\">si trova in spettacolare posizione panoramica sulla scogliera a due passi dal West End, la zona bohemien di Negril dove ci sono i [&hellip;]<\/p>\n\t\t\t\t\t\t\n\t\t\t\t\t\t\t\t\t\t\t\t\t\t\t\t\t\t\t<div class=\"price-wrap\">\n\t\t\t\t\t\t\t\t<a href=\"https:\/\/jamaica.evolutiontravel.it\/it_IT\/909\/tab\/35023_samsara-cliff-resort-4-stelle.html\" target=\"_blank\" rel=\"noopener\"><button class=\"price\"> 1090<\/button><\/a>\n\t\t\t\t\t\t\t<\/div>\n\t\t\t\t\t\t\t\t\t\t\t<\/div>\n\t\t\t\t<\/div>\n\t\t\t<\/li>\n\t\t\t\t<\/ul>\n<\/div>\n<style type=\"text\/css\" media=\"all\">.feedzy-rss .rss_item .rss_image{float:left;position:relative;border:none;text-decoration:none;max-width:100%}.feedzy-rss .rss_item .rss_image span{display:inline-block;position:absolute;width:100%;height:100%;background-position:50%;background-size:cover}.feedzy-rss .rss_item .rss_image{margin:.3em 1em 0 0;content-visibility:auto}.feedzy-rss ul{list-style:none}.feedzy-rss ul li{display:inline-block}<\/style>\n","protected":false},"excerpt":{"rendered":"<p>Eccoci qui con alcune informazioni utili sulla Giamaica come fuso orario, lingua, trasporti e altro ancora. 7 ore in meno rispetto all&#8217;Italia: quindi buone notizie per noi per quanto riguarda il c.d. &#8220;mal da fuso orario&#8221; o Jet lag,\u00a0 perch\u00e8 se paragoniamo la differenza di ore tra la Giamaica e il nostro paese, rispetto ad <a class=\"moretag\" href=\"https:\/\/jamaica.evolutiontravel.it\/infovacanze\/informazioni\/informazioni-turistiche\/\">[&#8230;]<\/a><\/p>\n","protected":false},"author":6,"featured_media":0,"parent":8,"menu_order":0,"comment_status":"closed","ping_status":"open","template":"templates\/template-with-right-sidebar.php","meta":{"footnotes":""},"yoast_head":"<!-- This site is optimized with the Yoast SEO plugin v21.9.1 - https:\/\/yoast.com\/wordpress\/plugins\/seo\/ -->\n<title>Giamaica: fuso orario e altre info utili per le tue vacanze<\/title>\n<meta name=\"description\" content=\"In partenza per la Jamaica? Allora leggi il nostro articolo con alcune veloci informazioni turistiche utili per la tua vacanza: fuso orario, lingua e altro!\" \/>\n<meta name=\"robots\" content=\"index, follow, max-snippet:-1, max-image-preview:large, max-video-preview:-1\" \/>\n<link rel=\"canonical\" href=\"https:\/\/jamaica.evolutiontravel.it\/infovacanze\/informazioni\/informazioni-turistiche\/\" \/>\n<meta property=\"og:locale\" content=\"it_IT\" \/>\n<meta property=\"og:type\" content=\"article\" \/>\n<meta property=\"og:title\" content=\"Giamaica: fuso orario e altre info utili per le tue vacanze\" \/>\n<meta property=\"og:description\" content=\"In partenza per la Jamaica? Allora leggi il nostro articolo con alcune veloci informazioni turistiche utili per la tua vacanza: fuso orario, lingua e altro!\" \/>\n<meta property=\"og:url\" content=\"https:\/\/jamaica.evolutiontravel.it\/infovacanze\/informazioni\/informazioni-turistiche\/\" \/>\n<meta property=\"og:site_name\" content=\"Jamaica\" \/>\n<meta property=\"article:modified_time\" content=\"2018-05-09T10:17:36+00:00\" \/>\n<meta name=\"twitter:label1\" content=\"Tempo di lettura stimato\" \/>\n\t<meta name=\"twitter:data1\" content=\"2 minuti\" \/>\n<script type=\"application\/ld+json\" class=\"yoast-schema-graph\">{\"@context\":\"https:\/\/schema.org\",\"@graph\":[{\"@type\":\"WebPage\",\"@id\":\"https:\/\/jamaica.evolutiontravel.it\/infovacanze\/informazioni\/informazioni-turistiche\/\",\"url\":\"https:\/\/jamaica.evolutiontravel.it\/infovacanze\/informazioni\/informazioni-turistiche\/\",\"name\":\"Giamaica: fuso orario e altre info utili per le tue vacanze\",\"isPartOf\":{\"@id\":\"https:\/\/jamaica.evolutiontravel.it\/infovacanze\/#website\"},\"datePublished\":\"2014-06-03T14:27:42+00:00\",\"dateModified\":\"2018-05-09T10:17:36+00:00\",\"description\":\"In partenza per la Jamaica? Allora leggi il nostro articolo con alcune veloci informazioni turistiche utili per la tua vacanza: fuso orario, lingua e altro!\",\"breadcrumb\":{\"@id\":\"https:\/\/jamaica.evolutiontravel.it\/infovacanze\/informazioni\/informazioni-turistiche\/#breadcrumb\"},\"inLanguage\":\"it-IT\",\"potentialAction\":[{\"@type\":\"ReadAction\",\"target\":[\"https:\/\/jamaica.evolutiontravel.it\/infovacanze\/informazioni\/informazioni-turistiche\/\"]}]},{\"@type\":\"BreadcrumbList\",\"@id\":\"https:\/\/jamaica.evolutiontravel.it\/infovacanze\/informazioni\/informazioni-turistiche\/#breadcrumb\",\"itemListElement\":[{\"@type\":\"ListItem\",\"position\":1,\"name\":\"Informazioni\",\"item\":\"https:\/\/jamaica.evolutiontravel.it\/infovacanze\/informazioni\/\"},{\"@type\":\"ListItem\",\"position\":2,\"name\":\"Fuso orario e altre info sulla Giamaica\"}]},{\"@type\":\"WebSite\",\"@id\":\"https:\/\/jamaica.evolutiontravel.it\/infovacanze\/#website\",\"url\":\"https:\/\/jamaica.evolutiontravel.it\/infovacanze\/\",\"name\":\"Jamaica\",\"description\":\"\",\"potentialAction\":[{\"@type\":\"SearchAction\",\"target\":{\"@type\":\"EntryPoint\",\"urlTemplate\":\"https:\/\/jamaica.evolutiontravel.it\/infovacanze\/?s={search_term_string}\"},\"query-input\":\"required name=search_term_string\"}],\"inLanguage\":\"it-IT\"}]}<\/script>\n<!-- \/ Yoast SEO plugin. -->","yoast_head_json":{"title":"Giamaica: fuso orario e altre info utili per le tue vacanze","description":"In partenza per la Jamaica? Allora leggi il nostro articolo con alcune veloci informazioni turistiche utili per la tua vacanza: fuso orario, lingua e altro!","robots":{"index":"index","follow":"follow","max-snippet":"max-snippet:-1","max-image-preview":"max-image-preview:large","max-video-preview":"max-video-preview:-1"},"canonical":"https:\/\/jamaica.evolutiontravel.it\/infovacanze\/informazioni\/informazioni-turistiche\/","og_locale":"it_IT","og_type":"article","og_title":"Giamaica: fuso orario e altre info utili per le tue vacanze","og_description":"In partenza per la Jamaica? Allora leggi il nostro articolo con alcune veloci informazioni turistiche utili per la tua vacanza: fuso orario, lingua e altro!","og_url":"https:\/\/jamaica.evolutiontravel.it\/infovacanze\/informazioni\/informazioni-turistiche\/","og_site_name":"Jamaica","article_modified_time":"2018-05-09T10:17:36+00:00","twitter_misc":{"Tempo di lettura stimato":"2 minuti"},"schema":{"@context":"https:\/\/schema.org","@graph":[{"@type":"WebPage","@id":"https:\/\/jamaica.evolutiontravel.it\/infovacanze\/informazioni\/informazioni-turistiche\/","url":"https:\/\/jamaica.evolutiontravel.it\/infovacanze\/informazioni\/informazioni-turistiche\/","name":"Giamaica: fuso orario e altre info utili per le tue vacanze","isPartOf":{"@id":"https:\/\/jamaica.evolutiontravel.it\/infovacanze\/#website"},"datePublished":"2014-06-03T14:27:42+00:00","dateModified":"2018-05-09T10:17:36+00:00","description":"In partenza per la Jamaica? Allora leggi il nostro articolo con alcune veloci informazioni turistiche utili per la tua vacanza: fuso orario, lingua e altro!","breadcrumb":{"@id":"https:\/\/jamaica.evolutiontravel.it\/infovacanze\/informazioni\/informazioni-turistiche\/#breadcrumb"},"inLanguage":"it-IT","potentialAction":[{"@type":"ReadAction","target":["https:\/\/jamaica.evolutiontravel.it\/infovacanze\/informazioni\/informazioni-turistiche\/"]}]},{"@type":"BreadcrumbList","@id":"https:\/\/jamaica.evolutiontravel.it\/infovacanze\/informazioni\/informazioni-turistiche\/#breadcrumb","itemListElement":[{"@type":"ListItem","position":1,"name":"Informazioni","item":"https:\/\/jamaica.evolutiontravel.it\/infovacanze\/informazioni\/"},{"@type":"ListItem","position":2,"name":"Fuso orario e altre info sulla Giamaica"}]},{"@type":"WebSite","@id":"https:\/\/jamaica.evolutiontravel.it\/infovacanze\/#website","url":"https:\/\/jamaica.evolutiontravel.it\/infovacanze\/","name":"Jamaica","description":"","potentialAction":[{"@type":"SearchAction","target":{"@type":"EntryPoint","urlTemplate":"https:\/\/jamaica.evolutiontravel.it\/infovacanze\/?s={search_term_string}"},"query-input":"required name=search_term_string"}],"inLanguage":"it-IT"}]}},"_links":{"self":[{"href":"https:\/\/jamaica.evolutiontravel.it\/infovacanze\/wp-json\/wp\/v2\/pages\/43"}],"collection":[{"href":"https:\/\/jamaica.evolutiontravel.it\/infovacanze\/wp-json\/wp\/v2\/pages"}],"about":[{"href":"https:\/\/jamaica.evolutiontravel.it\/infovacanze\/wp-json\/wp\/v2\/types\/page"}],"author":[{"embeddable":true,"href":"https:\/\/jamaica.evolutiontravel.it\/infovacanze\/wp-json\/wp\/v2\/users\/6"}],"replies":[{"embeddable":true,"href":"https:\/\/jamaica.evolutiontravel.it\/infovacanze\/wp-json\/wp\/v2\/comments?post=43"}],"version-history":[{"count":15,"href":"https:\/\/jamaica.evolutiontravel.it\/infovacanze\/wp-json\/wp\/v2\/pages\/43\/revisions"}],"predecessor-version":[{"id":268,"href":"https:\/\/jamaica.evolutiontravel.it\/infovacanze\/wp-json\/wp\/v2\/pages\/43\/revisions\/268"}],"up":[{"embeddable":true,"href":"https:\/\/jamaica.evolutiontravel.it\/infovacanze\/wp-json\/wp\/v2\/pages\/8"}],"wp:attachment":[{"href":"https:\/\/jamaica.evolutiontravel.it\/infovacanze\/wp-json\/wp\/v2\/media?parent=43"}],"curies":[{"name":"wp","href":"https:\/\/api.w.org\/{rel}","templated":true}]}}